
False
Suppose -51196 = -18*i + 52826. Is i prime?
True
Let j = 14374 - -3369. Is j a composite number?
True
Suppose -4*z - 79 = 5*s, 2*z = -0*s - s - 11. Let a = 16 + s. Is 15*(0 + -2 - a) prime?
False
Let n(g) = g**3 + 13*g**2 - 26*g - 4. Let f be n(-11). Let o(y) = -y**3 - 8*y**2 - 7*y. Let x be o(-7). Suppose x = 5*w - f - 741. Is w a prime number?
False
Let j be (2 - -1)*(-30)/(-5). Suppose f + 5*f - j = 0. Suppose -f*s = -0*s - 6, s + 706 = 4*c. Is c a composite number?
True
Is 12/(-1) + 10 - (-181 + 1) composite?
True
Suppose -3*n + 178993 = -4*s, 0 = -n - 3*s + 2*s + 59669. Is n prime?
False
Let t = -3013 - -9322. Suppose -t = -10*s + 7361. Is s composite?
False
Suppose 0 = -4*y + n + 2563, 3*y - 3*n - 2908 = -988. Is y a composite number?
False
Let i be 2*2*(-3)/4. Let x be (-33)/(-3) + -4 + i. Let s(y) = 2*y**3 - y**2 + 4*y - 1. Is s(x) a prime number?
True
Let t = -5 - -52. Suppose -19 = 2*u - t. Is 4/(-28) + 1220/u a prime number?
False
Let k(c) = 50*c + 2. Let m be k(2). Suppose 3*a + 72 = m. Is a prime?
False
Suppose -5*w - 3*o = -136, 0 = -0*w - 2*w - o + 54. Suppose x - w = -x. Is x composite?
False
Let s(b) = -b**3 + 5*b**2 - 5*b + 20. Let v be (2/3)/((-5)/(-60)). Let g be s(v). Let d = -63 - g. Is d a composite number?
False
Let m(y) = -394*y - 8. Let r be m(-4). Suppose -l + 5*s = -220 - 202, 0 = 4*l + 4*s - r. Is l a prime number?
True
Let b(m) be the first derivative of m**4/4 - 8*m**3/3 - 13*m**2/2 + 9*m + 6. Let d be b(10). Suppose 0*r - r + d = 0. Is r prime?
True
Suppose -30*d = -26*d + 1388. Let j = d + 556. Is j composite?
True
Let n(q) = -q**2 - 9*q - 14. Let s(v) = v**2 - v - 6. Let b be s(0). Let y be n(b). Suppose y*o - 2*o = 158. Is o a prime number?
True
Let c be ((-143)/(-44))/((-4)/(-16)). Let n(g) = g + 11. Let a be n(0). Suppose -130 = -c*m + a*m. Is m composite?
True
Is ((-35482)/(-2))/(25 - 24) a composite number?
True
Suppose 44 = -4*i - 4*u, i - 4*u - 6 - 8 = 0. Let v(w) = 12*w**2 - 4*w + 13. Is v(i) a prime number?
False
Suppose 0 = 3*f, 5*u = -4*f + 93 - 28. Let l = -7 + u. Let a = 20 - l. Is a a composite number?
True
Let m be (174/(-5))/2*-15. Suppose 0 = f - u + 4*u - m, 4*f - 1076 = 4*u. Is f prime?
False
Let c(k) be the third derivative of -6*k**4 - 5*k**3/6 + k**2. Let n be -4 - 4 - (-3 + -2). Is c(n) a prime number?
False
Let n = 23 - 18. Suppose -1706 = -n*v - 0*v + j, 4*v + 3*j - 1361 = 0. Is v composite?
True
Suppose -4*q + 5*q = 5*c + 614, q + 5*c = 644. Is q prime?
False
Let i(p) = -p**2 + p - 61. Let a be i(0). Let f = a - -138. Is f composite?
True
Suppose -78243 = -7*g - 4*g. Is g composite?
True
Is ((-125015)/22 - -7)/((-1)/2) a composite number?
False
Let w(v) = -25*v**3 + 13*v**2 + 6*v + 15. Let f(u) = 13*u**3 - 7*u**2 - 3*u - 8. Let c be -11*1/((-3)/3). Let k(r) = c*f(r) + 6*w(r). Is k(-3) prime?
True
Suppose -5*g = -4*h + 35, 5*h - 3*g + 5 - 39 = 0. Suppose 0 = y - 0*y - h*o - 132, -2*y + 259 = -5*o. Is y composite?
False
Let i(a) = -6*a + 13. Let p be i(3). Let h(k) = -4*k**3 + k**2 - 5*k + 7. Is h(p) a composite number?
False
Suppose g + 596 = -g. Let w = -201 - g. Is w a composite number?
False
Suppose -2030 = -5*h - 5*c, -2*c + 4*c = 4*h - 1630. Is h a composite number?
True
Suppose 7*v - 10 + 3 = 0. Is (0 - (-1)/v)*557 composite?
False
Let p be (-2)/(80/12 + -6). Suppose -w - 653 = -5*g, 5*g + 3*w + 0*w = 661. Is g + (-3 - p - 0) composite?
False
Suppose -6*p + 8*p = -2846. Is p/(-7) + (-14)/49 a prime number?
False
Let k(s) = 3*s**3 + 8*s**2 - 6*s - 1. Let p(y) = y**3 - 1. Let t(i) = k(i) - 4*p(i). Let w be t(7). Is (w/(-4) - 1)*-4 composite?
True
Let z(u) = 3*u**2 + 25*u + 65. Is z(-34) composite?
False
Let o(s) = s**2 + 11*s + 9. Let i be o(-9). Let n = i - -5. Is (-274)/n + (-2)/(-4) prime?
False
Is 9/(405/4506822) - (-9)/(-15) composite?
False
Suppose 8 = -3*r + 7*r. Let f(w) = -4*w**3 - 3*w**r - 5*w + 6*w + 4*w**3 + 4*w**3 + 5. Is f(4) composite?
True
Let y be (-392)/(-16) - (-2)/(-4). Suppose y*r - 20*r = 1340. Is r composite?
True
Suppose 1860 = 232*u - 220*u. Is u a prime number?
False
Let a(n) = 16*n**2 + 19*n + 19. Is a(-12) composite?
True
Suppose -44*m + 42*m = -1514. Let q = m - -4398. Is q a prime number?
False
Let n be ((-204)/(-2))/(14/49). Suppose 0 = -2*g + n - 1825. Let w = 1831 + g. Is w prime?
True
Suppose 0 = -5*f + 4*f + 4. Suppose 0 = -a - u - 0*u + 234, -f*u - 1161 = -5*a. Is a prime?
True
Suppose 3*g + g - 64 = 0. Is (-1)/(-2) - (-1544)/g a composite number?
False
Let g be 5 + -3 + 137 + (-2)/2. Suppose o - g = 1709. Is o a composite number?
False
Is ((-1860)/(-180))/((-2)/(-678)) a composite number?
True
Suppose 7*j + 2035 = 12*j. Suppose 0 = -q + 5*c - j, q = -0*q + 4*c - 406. Let z = -268 - q. Is z prime?
False
Suppose 3*p = -j - 3*j + 7201, 2*p + 2*j - 4800 = 0. Is p prime?
True
Let o = -4102 + 9603. Is o a prime number?
True
Let p be (-13)/(-5) + (-2)/(-5). Let v(h) = 13*h**2 + h**3 + 1 - 8 - 2*h**p + 12*h - 2. Is v(11) prime?
False
Let y(f) = -2*f**3 - 16*f**2 + 19*f + 28. Is y(-13) a prime number?
True
Let u be 8/32 + (-7)/(-4). Let a be 8/12*(-8 + u). Is 39/9*(-84)/a a prime number?
False
Suppose 0*f - 2*f = 32978. Let y = f + 34591. Suppose 0*a - y = -6*a. Is a prime?
False
Let z(t) be the third derivative of 14*t**4/3 - t**3/6 + t**2. Is z(1) a composite number?
True
Suppose -2*j + 6546 = 2*t, 10 = 2*j + 3*j. Is t composite?
False
Suppose 8*o = 5*o - 3*x + 14592, o = x + 4854. Is o prime?
False
Let a(x) = 48*x**2 + 18*x - 41. Is a(-18) composite?
False
Let z(l) = 4*l - 10. Let b be z(-5). Let j be ((-48)/b)/(1/(-130)). Let g = 587 + j. Is g prime?
True
Let m(k) = k**2 - 10*k + 47597. Is m(0) a composite number?
True
Suppose 12*w - 9*w - 777 = 0. Let b be -4 - (-880)/(20/(-4)). Let z = w + b. Is z prime?
True
Suppose 472 = -3*v - 170. Let b = v - -1595. Is b a prime number?
True
Is -2*(4 + 7 + (-80732)/8) prime?
True
Suppose -42*x + 127007 = -477247. Is x prime?
True
Let l(p) = 2175*p + 76. Is l(27) a prime number?
False
Suppose -k = z - 47916, 12*k - 11*k - 2*z - 47901 = 0. Is k composite?
False
Is 6 + 148/(-24) - (-6907)/6 composite?
False
Suppose 44 + 281 = 2*k + i, -165 = -k + 2*i. Is k composite?
False
Suppose -78*q + 4*y + 17130 = -76*q, -q + y = -8569. Is q a composite number?
False
Let m(g) = -53*g - 104. Is m(-15) composite?
False
Let l(h) = h**3 - 6*h**2 + 8*h - 6. Let c be l(5). Let d = c - 2. Let f = d + 12. Is f a prime number?
True
Is (5 + 5)/(-5)*(-841217)/26 prime?
True
Let y(o) = -1. Let c(h) = -372*h + 3. Let a(m) = -c(m) - 2*y(m). Is a(3) a prime number?
False
Let l(v) = 63*v**2 + 4*v + 161. Is l(-10) composite?
False
Suppose 3*r - 42 = 6*r. Let c(u) = 3*u**2 - u - 29. Is c(r) a composite number?
True
Let w(p) = -22*p**3 - 8*p**2 + p - 7. Let o be 6/(-4) + 143/(-26). Let a be w(o). Is a/18 - (-3)/9 a composite number?
False
Let x(g) = -1814*g - 51. Is x(-8) prime?
True
Is 8 + -21*25480/(-24) composite?
False
Let k = 1030 + -415. Let m be (-34)/(-1 - (-618)/k). Is m/(-22) + 2/11 a prime number?
True
Suppose 2*d + 80 = -5*p + 411, 5*p = -5*d + 325. Is p prime?
True
Let l(z) = -132*z + 1. Let p be l(-5). Suppose 5*s - p - 710 = -4*o, -3*o - 828 = -3*s. Let x = -156 + s. Is x composite?
True
Let c be (2 - 0)/((-2)/(-3)). Suppose 1 - 2 = -w, c*w = t - 2804. Is t a composite number?
True
Let v(r) = -2979*r + 28. Is v(-5) a composite number?
False
Let w(s) = -3*s**2 + 6*s**2 + 5 - 7*s - 3*s - 4*s**2. Let h be w(-10). Suppose -186 = -11*x + h*x. Is x a composite number?
False
Let n(w) be the third derivative of -w**5/24 - 3*w**4/8 - 5*w**3/6 - 9*w**2. Let r(o) be the first derivative of n(o). Is r(-8) a composite number?
False
Let q = -23 - -27. Suppose q*f - 1273 = o - 2*o, 334 = f - 5*o. Is f composite?
True
Let g(r) be the third derivative of -5*r**4/3 - 5*r**3/6 + 12*r**2. Let y = 2 + -6. Is g(y) a prime number?
False
Let v(f) be the second derivative of 13/6*f**3 + 0*f**2 + 0 - 3*f. Is v(3) a prime number?
False
Let z(b) = -37*b. Let k(w) = w + 3. Let q(x) = -x - 4. Let p(j) = -3*k(j) - 2*q(j). Let t(u) = p(u) - z(u). Is t(7) a prime number?
True
Suppose 19*z - 48 = 7*z. Suppose 3061 = 3*t - z*n + 28, 0 = -2*t + n + 2017. Is t prime?
False
Let r be (3 + 15)/((-1)/(-33)). Suppose -4*q = -2*l + 214 - r, 4*l = -16. Is (-6)/